{"id":3,"date":"2023-05-22T19:43:57","date_gmt":"2023-05-22T22:43:57","guid":{"rendered":"https:\/\/betsoeste.pt\/?page_id=3"},"modified":"2023-05-31T08:46:29","modified_gmt":"2023-05-31T11:46:29","slug":"politica-de-privacidade","status":"publish","type":"page","link":"https:\/\/betsoeste.pt\/index.php\/politica-de-privacidade\/","title":{"rendered":"Pol\u00edtica de privacidade"},"content":{"rendered":"\t\t<div data-elementor-type=\"wp-page\" data-elementor-id=\"3\" class=\"elementor elementor-3\" data-elementor-post-type=\"page\">\n\t\t\t\t\t\t<section class=\"elementor-section elementor-top-section elementor-element elementor-element-2689f09e elementor-section-boxed elementor-section-height-default elementor-section-height-default\" data-id=\"2689f09e\" data-element_type=\"section\">\n\t\t\t\t\t\t<div class=\"elementor-container elementor-column-gap-default\">\n\t\t\t\t\t<div class=\"elementor-column elementor-col-100 elementor-top-column elementor-element elementor-element-6a551de4\" data-id=\"6a551de4\" data-element_type=\"column\">\n\t\t\t<div class=\"elementor-widget-wrap elementor-element-populated\">\n\t\t\t\t\t\t<div class=\"elementor-element elementor-element-77b642c3 elementor-widget elementor-widget-text-editor\" data-id=\"77b642c3\" data-element_type=\"widget\" data-widget_type=\"text-editor.default\">\n\t\t\t\t<div class=\"elementor-widget-container\">\n\t\t\t\t\t\t\t\t\t\n<p><strong>AS SUAS INFORMA\u00c7\u00d5ES V\u00c3O PARA ONDE?<\/strong><\/p>\n\n\n\n<p>As Informa\u00e7\u00f5es que nos faculta, nomeadamente o seu nome, contribuinte, e-mail, ficam registados no nosso site e essas mesmo informa\u00e7\u00f5es ficam s\u00f3 para n\u00f3s.<br>Tamb\u00e9m existe o Markting por e-mail ( quando aplic\u00e1vel ), quando nos d\u00e1 permiss\u00e3o \u00e9 enviado e-mails autom\u00e1ticos sobre os nossos servi\u00e7os.<\/p>\n\n\n\n<p><strong>DIVULGA\u00c7\u00c3O<\/strong><\/p>\n\n\n\n<p>Se a Lei o permitir ou se violar os nosso termos e condi\u00e7\u00f5es de Servi\u00e7o, podemos divulgar as suas informa\u00e7\u00f5es sigilosas.<\/p>\n\n\n\n<p><strong>PERMISS\u00c3O<\/strong><\/p>\n\n\n\n<p>Quando nos fornece alguma das suas informa\u00e7\u00f5es pessoais para completar uma pagamento, verifica\u00e7\u00e3o do seu cart\u00e3o de cr\u00e9dito, fazer um pedido, estar\u00e1 a concordar com o nosso registo e uso de informa\u00e7\u00f5es pessoais apenas para esses fins espec\u00edficos. Os mesmos dados ficam alojamentos no nosso servidor.<br>Sempre que pedirmos informa\u00e7\u00f5es para Martktins, pedimos sempre permiss\u00e3o, poder\u00e1 tamb\u00e9m retirar a qualquer momento basta contactar-nos via site www.betsoeste.pt ou por email geral@betsoeste.pt<\/p>\n\n\n\n<p><strong>PAGAMENTO<\/strong><\/p>\n\n\n\n<p>Os seus dados de transa\u00e7\u00e3o de compra s\u00e3o armazenados apenas pelo per\u00edodo necess\u00e1rio para completar a sua transa\u00e7\u00e3o de compra. Depois de finalizar a compra, as suas informa\u00e7\u00f5es de transa\u00e7\u00e3o de compra s\u00e3o apagadas por completo.<\/p>\n\n\n\n<p><strong>COOKIES<\/strong><br>Usamos cookies para melhorar a experi\u00eancia e recolher dados sobre o comportamento do utilizador em geral. Memorizamos os detalhes de login para melhorar o desempenho do site.<\/p>\n\n\n\n<p>Os cookies n\u00e3o s\u00e3o usados para recolher dados pessoais dos visitantes ou armazenar dados de fornecedores de pagamento. Ao utilizar o nosso website, aceita o uso de cookies, no entanto, pode alterar as configura\u00e7\u00f5es no seu browser e rejeitar os cookies, tendo em conta que poder\u00e1 afetar a sua experi\u00eancia de navega\u00e7\u00e3o.<\/p>\n\n\n\n<p>Se deixar um coment\u00e1rio no nosso site pode optar por guardar o seu nome( Opcional ), endere\u00e7o de email e site nos cookies. Isto \u00e9 para sua conveni\u00eancia para n\u00e3o ter de preencher novamente os seus dados quando deixar outro coment\u00e1rio. Estes cookies durar\u00e3o um ano.<\/p>\n\n\n\n<p>Se tem uma conta e iniciar sess\u00e3o neste site betsoeste.pt, ser\u00e1 configurado um cookie tempor\u00e1rio para determinar se o seu navegador aceita cookies. Este cookie n\u00e3o cont\u00e9m dados pessoais e ser\u00e1 eliminado ao fechar o seu navegador.<\/p>\n\n\n\n<p>Ao iniciar a sess\u00e3o, ser\u00e3o configurados alguns cookies para guardar a sua informa\u00e7\u00e3o de sess\u00e3o e as suas escolhas de visualiza\u00e7\u00e3o de ecr\u00e3. Os cookies de in\u00edcio de sess\u00e3o duram 12 meses. Se selecionar \u201cLembrar-me\u201d, a sua sess\u00e3o ir\u00e1 persistir durante duas semanas. Ao terminar a sess\u00e3o, os cookies de in\u00edcio de sess\u00e3o ser\u00e3o removidos.<\/p>\n\n\n\n<p>Se editar ou publicar um artigo, ser\u00e1 guardado no seu navegador permanentemente um cookie adicional. Este cookie n\u00e3o inclui dados pessoais apenas indica o ID de conte\u00fado do artigo que acabou de editar. Expira ao fim de 1 dia.<\/p>\n\n\n\n<p><strong>ENCERRAMENTO DE CONTA<\/strong><br>Pode encerrar a sua conta em qualquer altura, onde nos comprometemos a eliminar todos os seus dados de vez, sendo que deixar\u00e1 de poder ter acesso ao nosso site. Ap\u00f3s encerramento da conta, poder\u00e1 pedir que todos os seus dados sejam eliminados, sendo que poder\u00e1 demorar at\u00e9 30 dias. Esta a\u00e7\u00e3o \u00e9 irrevers\u00edvel.<\/p>\n\n\n\n<p><strong>SEGURAN\u00c7A<\/strong><br>De modo a proteger as suas informa\u00e7\u00f5es pessoais, tomamos precau\u00e7\u00f5es e seguimos as melhores pr\u00e1ticas para nos certificar que elas n\u00e3o sejam perdidas, usurpadas, acedidas, divulgadas, alteradas ou destru\u00eddas.<\/p>\n\n\n\n<p><strong>RESTRI\u00c7\u00d5ES DE IDADE<\/strong><br>Os nossos servi\u00e7os prestados est\u00e3o apenas dispon\u00edveis para maiores de 18 anos (inclusive), sendo que os mesmos com idade inferior n\u00e3o podem usar o nosso site. Os nossos servi\u00e7os n\u00e3o s\u00e3o direcionados para serem consumidos por menores de idade e qualquer atividade da nossa parte n\u00e3o visa aliciar, atrair ou cativar nenhum deste p\u00fablico. Se tem conhecimento de algu\u00e9m que n\u00e3o cumpra este requisito obrigat\u00f3rio, pedimos que nos contacte de imediato.<\/p>\n\n\n\n<p><strong>ALTERA\u00c7\u00d5ES NA POL\u00cdTICA DE PRIVACIDADE<\/strong><br>Podemos alterar a pol\u00edtica de privacidade quando bem entendermos, desde que com pr\u00e9-aviso de no m\u00ednimo 30 dias aos nossos clientes por e-mail, na nossa p\u00e1gina principal ou por qualquer outro meio que achemos apropriado.<\/p>\n\n\n\n<p>Se tiver alguma d\u00favida, quest\u00e3o, preocupa\u00e7\u00e3o ou reclama\u00e7\u00e3o sobre a nossa pol\u00edtica de privacidade, as nossas pr\u00e1ticas e\/ou os nossos servi\u00e7os, por favor n\u00e3o exite em contactar-nos por este meio e-mail <strong>geral@betsoeste.pt<\/strong><\/p>\n\t\t\t\t\t\t\t\t<\/div>\n\t\t\t\t<\/div>\n\t\t\t\t\t<\/div>\n\t\t<\/div>\n\t\t\t\t\t<\/div>\n\t\t<\/section>\n\t\t\t\t<\/div>\n\t\t","protected":false},"excerpt":{"rendered":"<p>AS SUAS INFORMA\u00c7\u00d5ES V\u00c3O PARA ONDE? As Informa\u00e7\u00f5es que nos faculta, nomeadamente o seu nome, contribuinte, e-mail, ficam registados no nosso site e essas mesmo informa\u00e7\u00f5es ficam s\u00f3 para n\u00f3s.Tamb\u00e9m existe o Markting por e-mail ( quando aplic\u00e1vel ), quando nos d\u00e1 permiss\u00e3o \u00e9 enviado e-mails autom\u00e1ticos sobre os nossos servi\u00e7os. DIVULGA\u00c7\u00c3O Se a Lei [&hellip;]<\/p>\n","protected":false},"author":1,"featured_media":0,"parent":0,"menu_order":0,"comment_status":"closed","ping_status":"open","template":"","meta":{"footnotes":""},"class_list":["post-3","page","type-page","status-publish","hentry"],"_links":{"self":[{"href":"https:\/\/betsoeste.pt\/index.php\/wp-json\/wp\/v2\/pages\/3","targetHints":{"allow":["GET"]}}],"collection":[{"href":"https:\/\/betsoeste.pt\/index.php\/wp-json\/wp\/v2\/pages"}],"about":[{"href":"https:\/\/betsoeste.pt\/index.php\/wp-json\/wp\/v2\/types\/page"}],"author":[{"embeddable":true,"href":"https:\/\/betsoeste.pt\/index.php\/wp-json\/wp\/v2\/users\/1"}],"replies":[{"embeddable":true,"href":"https:\/\/betsoeste.pt\/index.php\/wp-json\/wp\/v2\/comments?post=3"}],"version-history":[{"count":4,"href":"https:\/\/betsoeste.pt\/index.php\/wp-json\/wp\/v2\/pages\/3\/revisions"}],"predecessor-version":[{"id":723,"href":"https:\/\/betsoeste.pt\/index.php\/wp-json\/wp\/v2\/pages\/3\/revisions\/723"}],"wp:attachment":[{"href":"https:\/\/betsoeste.pt\/index.php\/wp-json\/wp\/v2\/media?parent=3"}],"curies":[{"name":"wp","href":"https:\/\/api.w.org\/{rel}","templated":true}]}}